 d be 2*4*123/6. Suppose 4*n + n - 4*v = 160, 0 = 4*n + 4*v - d. Is n a multiple of 7?
False
Suppose 157 = q - v, -4*v - 466 = -0*q - 3*q. Is q a multiple of 6?
True
Suppose 0 = -7*t + 18241 - 8231. Does 10 divide t?
True
Suppose -3*o + 725 = 2*r, 2*r + 960 = 4*o + 3*r. Does 12 divide o?
False
Let m(l) = l**3 - 17*l**2 - 10*l + 30. Is 35 a factor of m(18)?
False
Let h(r) = 2*r + 50. Does 16 divide h(-9)?
True
Suppose 4*m = 0, 0 = -2*v + 3*m + 208 - 56. Is 19 a factor of v?
True
Let f = -10 - -14. Suppose 12 = f*q, 0*b + 115 = 2*b + 5*q. Let k = b + -26. Does 24 divide k?
True
Suppose 264*h - 268*h + 104 = 0. Is 7 a factor of h?
False
Suppose 4*n - 596 = 2*n. Suppose -2*q + n = -0*q. Suppose q = 4*y - 31. Does 13 divide y?
False
Suppose -3*p = 5*t - 325, -7*t - 548 = -5*p - 9*t. Does 11 divide p?
True
Let v = -29 - -122. Let l = -3 + 5. Suppose -l*s + v + 15 = 0. Is s a multiple of 19?
False
Is 12 a factor of (-1417)/(-3) + (-13)/39 + 4?
False
Suppose -3*q = 3*i - 15, q + 5*i - 25 = 4*q. Suppose -j = -0 - 2. Suppose -x + 0*z - 5*z + 60 = 0, -j*x - 3*z + 106 = q. Does 17 divide x?
False
Does 11 divide (1918/(-12) + 0)*-6?
False
Let v(d) = -7*d + 0*d + 0*d - 8. Does 22 divide v(-10)?
False
Let d = 81 - 162. Let x = d - -158. Suppose 4*f + 2*b = -x + 309, -2*f = 5*b - 100. Does 15 divide f?
True
Let o = -481 - -533. Is 4 a factor of o?
True
Let m(g) = g + 222. Let n be m(0). Let h = 358 - n. Let u = h - 94. Does 14 divide u?
True
Let o be (-1 + 1 - 0)*(-10)/20. Suppose o*q = -7*q + 1400. Is q a multiple of 25?
True
Let p be (-5 + -1 + 5)*(-358 + 1). Let q = -133 + p. Does 16 divide q?
True
Suppose -40*j + 42*j - 540 = 5*k, -j = -k - 276. Is j a multiple of 10?
True
Is (-4)/8*2*-68 - 4 a multiple of 16?
True
Let j be ((-232)/(-24))/(1/(-3)). Let d = j - -38. Is 9 a factor of d?
True
Suppose 0 = -29*p - 49334 + 150834. Is 131 a factor of p?
False
Let c = 91 - 87. Suppose 5*m + c*z - 938 = 0, m = -3*m - 5*z + 754. Does 31 divide m?
True
Let a be (-1)/(-1 + 0/(-1)). Let r be (-2 + 0 + -2)*(-405)/(-6). Does 17 divide r/(-4) - a/(-2)?
True
Let v be (-6)/10 - (-685)/(-25). Let r = v + 28. Suppose 0 = 3*x + 5*t - 40, r*x - t = -x + 8. Is 3 a factor of x?
False
Let s = -417 - -586. Suppose -6 = -171*d + s*d. Is 3 a factor of d?
True
Let y(h) = -h**2 - 9*h - 23. Let f be y(-5). Is ((f - 0) + 5)*10/4 even?
False
Suppose 2*u - 25 - 47 = 0. Suppose 3*h = -2*n + 27, -2*n = 4*h - 7*n - u. Is h a multiple of 7?
False
Let w be 45/25 - (-3)/15. Suppose -l + w*r + 3*r = 14, 4*l - 13 = -3*r. Is 14 a factor of 49 - -9 - (l + 1)?
True
Does 29 divide ((-1146)/18 - -4)/((-7)/252)?
False
Suppose 0 = d - 27 + 6. Suppose 0 = -0*w + 2*w + 4*g + 32, -d = w + 3*g. Does 15 divide 90/2 - (w + 6)?
True
Suppose -4*l + 5 = -275. Let r = l - -22. Is r a multiple of 46?
True
Suppose 33 = 5*s - 117. Suppose -2*h = -p + 18, 0*p + s = p - 5*h. Is 20 a factor of ((-128)/p)/((-11)/55)?
False
Suppose 2*f = 2*o, -5*f = 3*o + 2*o. Does 21 divide 1 + -1 + 129 + f + -3?
True
Let y(z) = -z**3 + 9*z**2 + 12*z - 6. Suppose 2*d - 4 = -2*d, -d = -2*k + 19. Suppose -3*o + 4*o = k. Does 9 divide y(o)?
False
Let z(j) = -j**2 + 3*j. Let r be z(2). Let o = 195 + -189. Suppose o*k = r*k + 192. Does 13 divide k?
False
Let m(h) = 18*h + 8. Let b be m(4). Suppose 0 = -2*q + 3*i + 32, 5*q - b = -4*i - i. Is 8 a factor of q?
True
Let x(n) = n - 8. Let f(z) = z**3 + 9*z**2 - 3*z - 12. Let r = 11 - 20. Let t be f(r). Is x(t) a multiple of 2?
False
Suppose -i = 7*i - 1728. Is 24 a factor of i?
True
Suppose 4*m - 3 = m. Let c be 12 + m - (7 + -8). Let y = c + 16. Is y a multiple of 10?
True
Suppose -3*u - 4*u = -4*u. Suppose 0 = g - u*g - 92. Is g a multiple of 23?
True
Let a(c) be the first derivative of c**4/4 - 2*c**3/3 - c**2 + c + 88. Let t(y) = -y + 10. Let s be t(6). Is a(s) a multiple of 7?
False
Let h = -18 + 23. Suppose -h*i - 360 = -7*i - 4*c, -i + 165 = -3*c. Suppose 4 = 3*t + 16, -3*k = -3*t - i. Is k a multiple of 27?
True
Let n(z) = -18*z**2 - 4 - 5 - 5 + 15*z**2 + 26*z. Let c(l) = -l**2 + 9*l - 5. Let k(f) = 17*c(f) - 6*n(f). Is 18 a factor of k(8)?
False
Is (-2691)/(-5) - -2 - 12/60 a multiple of 36?
True
Let g(s) = -127*s**3 - s**2 + 7*s + 7. Let w be g(-1). Let k = w - 58. Is 12 a factor of k?
False
Let l(i) = -i**2 + 6*i + 16. Let w be l(8). Suppose w*j - 9*j + 1278 = 0. Is j a multiple of 15?
False
Let g(z) = 2*z - 20. Let q be g(9). Is (q/(-1))/(14/399) a multiple of 7?
False
Let l(r) = 3*r + 6*r + 24 + 0*r - 15*r. Is 4 a factor of l(0)?
True
Suppose 0 = -38*o + 24*o + 2408. Does 19 divide o?
False
Is (-2)/7 - (3 + 11490/(-35)) a multiple of 29?
False
Let z be 9/9*(-2)/(-2). Let m be -11*(0 - (z - 2)). Is 2*1 - (-26 + m) a multiple of 15?
False
Suppose 16 = -4*u + 5*u + 2*v, 4*u = v + 46. Let t = 16 - u. Suppose -28 - 32 = -t*g. Is 5 a factor of g?
True
Let w(z) = 2*z**3 - 30*z**2 + 23*z - 19. Is 43 a factor of w(16)?
False
Suppose -6 = -2*o + 4*o, -348 = -3*t + 4*o. Is 14 a factor of t?
True
Suppose -227*t - z + 72 = -224*t, 0 = -3*z - 9. Is t a multiple of 11?
False
Suppose -5*g = 5*w - 1120, 3*g + 94 = 3*w + 772. Does 15 divide g?
True
Let t(y) = y**3 - 9*y**2 + 5*y + 10. Let r be t(8). Let k(u) = 2*u**2 + 13*u + 3. Is k(r) a multiple of 13?
False
Suppose 0 = -2*t - 4*m + 2*m + 444, 5*t - 2*m - 1124 = 0. Is 34 a factor of t?
False
Let b(o) = o**3 - 32*o**2 - 24*o - 26. Is 21 a factor of b(33)?
False
Suppose 4*m = c + 2038, -1 = -5*c + 9. Does 6 divide m?
True
Suppose -16 = 3*z + 8. Let h = -15 - z. Let r = h - -14. Is 3 a factor of r?
False
Does 4 divide 1*(1 - 3352)*(-49)/147?
False
Suppose -4*c = -u - 1852, 5*u - 442 = -c - 0*u. Does 33 divide c?
True
Let x be 2/15 - (-252)/135. Suppose 0 = 4*f - 20, -3*f + x = -2*s - 3. Suppose -j - j = -5*v - 8, -46 = -4*j - s*v. Does 9 divide j?
True
Let n = 81 + -66. Is 14 a factor of 20/n*-49*-3?
True
Let u(b) = b**3 - 6*b**2 - b + 8. Let l be u(6). Suppose 0 = -l*s + 17 + 107. Suppose 0 = -2*a + 152 - s. Does 15 divide a?
True
Let w(y) = 35*y**3 + y**2 - y - 1. Let p(s) = -s**2 - s - 1. Let b(q) = 2*p(q) - w(q). Is b(-2) a multiple of 21?
False
Let o be (-54)/10 + 14/35. Let w be 142/(o/((-10)/4)). Let s = w - 39. Is 14 a factor of s?
False
Suppose -144 = -4*c - 0*c. Let y = c - 18. Suppose -3*g - y = -5*g. Is g a multiple of 3?
True
Let x(c) = -5*c**2 + 3*c + 3. Let k be x(-2). Suppose -2*n + 5*u + 201 = n, -335 = -5*n + 2*u. Let q = n - k. Is 30 a factor of q?
True
Suppose 3*i - 4 = -2*m, -2*m - 1 = -4*i + 9. Let x be ((-48)/20)/(3/(-30)). Suppose i*g - 104 = -x. Is g a multiple of 11?
False
Let c(a) = -4*a - 16. Let u(o) = 3*o + 15. Let i(x) = -4*c(x) - 5*u(x). Let d be i(5). Is 10 a factor of (d/(-3) - -38)*1?
True
Let v be -7*(2/(-1) - -1). Let n = v + -4. Suppose n*w - 2*a - 54 = -0*a, 5*w = -3*a + 71. Does 14 divide w?
False
Suppose 1592 = 3*c - 442. Is 6 a factor of c?
True
Suppose -7 = 4*t - 15. Suppose -6*b - 4*x = -t*b - 648, -4*b - 3*x = -651. Is 15 a factor of b?
True
Suppose 2*g - 976 = 4*q, g + 476 = 2*g + 2*q. Let m = g + -1084. Is m/(-16) - (-36)/96 a multiple of 20?
False
Suppose -5*k + 4*f + 123 = -131, f - 274 = -5*k. Suppose 6 - 112 = -5*t + y, 3*t - 3*y = k. Is t a multiple of 11?
True
Let w(o) = -o**2 + 3*o - 13. Let f be w(6). Let v = 73 + f. Is 7 a factor of v?
True
Let c = 1417 + -827. Is 24 a factor of c?
False
Suppose -49*z + 15762 + 9424 = 0. Does 58 divide z?
False
Suppose -4*l + 15*f + 2833 = 14*f, 4*l + 4*f - 2828 = 0. Is l a multiple of 12?
True
Suppose 0 = -2*n - 3*k + 1 + 15, -4*n - 5*k + 30 = 0. Suppose -45 = -0*u - n*u. Is 9 a factor of u?
True
Let g be 57/(-6)*(-8 - -6). Suppose -4*o = -5*a + 428, 3*o + 155 = 2*a - g. Does 16 divide a?
False
Is 684/27 + -8 + (-2)/(-3) a multiple of 2?
True
Let b(x) = 11*x + 3. Let w(f) = 5*f + 1. Let t(k) = -6*b(k) + 13*w(k). Let l(i) = -i - 5. Let g(a) = -6*l(a) + 4*t(a). Does 10 divide g(10)?
True
Does 26 divide -200*((-8)/(-40) + 2/(-2))?
False
Let w = 23 + 31. Let a = w + -37. Suppose -4*v + a = -15. Is v a multiple of 8?
True
Let w be -1*10*(-36)/(-30). Let b = w - -12. Suppose 0 = -b*c - c - r + 23, -c = 4*r - 26. Is 22 a factor of c?
True
Let n(g) = 2*g**2 - 107*g + 56. Does 25 divide n(68)?
False
Let h(v) = 29*v**2 - 2*v - 3. Let p be h(3). Let z = p - 6. Is 17 a 